{"id":65548,"date":"2024-10-14T09:12:40","date_gmt":"2024-10-14T11:12:40","guid":{"rendered":"http:\/\/www2.comunitaria.com.br\/wp-content\/uploads\/2024\/10\/Reconstrucao-artistica-de-Parutaetus-oliverai.-Arte-por-Marcio-L.-Castro.jpg"},"modified":"2024-10-14T09:12:40","modified_gmt":"2024-10-14T11:12:40","slug":"reconstrucao-artistica-de-parutaetus-oliverai-arte-por-marcio-l-castro","status":"inherit","type":"attachment","link":"https:\/\/www2.comunitaria.com.br\/en\/ufsm-participa-de-descoberta-de-nova-especie-de-tatu-extinto-no-parana\/reconstrucao-artistica-de-parutaetus-oliverai-arte-por-marcio-l-castro\/","title":{"rendered":"Reconstru\u00e7\u00e3o artistica de Parutaetus oliverai. Arte por M\u00e1rcio L. Castro."},"author":2,"featured_media":0,"comment_status":"","ping_status":"closed","template":"","meta":{"ngg_post_thumbnail":0},"class_list":["post-65548","attachment","type-attachment","status-inherit","hentry"],"description":{"rendered":"<p class=\"attachment\"><a href='https:\/\/www2.comunitaria.com.br\/wp-content\/uploads\/2024\/10\/Reconstrucao-artistica-de-Parutaetus-oliverai.-Arte-por-Marcio-L.-Castro.jpg'><img loading=\"lazy\" decoding=\"async\" width=\"300\" height=\"239\" src=\"https:\/\/www2.comunitaria.com.br\/wp-content\/uploads\/2024\/10\/Reconstrucao-artistica-de-Parutaetus-oliverai.-Arte-por-Marcio-L.-Castro-300x239.jpg\" class=\"attachment-medium size-medium\" alt=\"\" srcset=\"https:\/\/www2.comunitaria.com.br\/wp-content\/uploads\/2024\/10\/Reconstrucao-artistica-de-Parutaetus-oliverai.-Arte-por-Marcio-L.-Castro-300x239.jpg 300w, https:\/\/www2.comunitaria.com.br\/wp-content\/uploads\/2024\/10\/Reconstrucao-artistica-de-Parutaetus-oliverai.-Arte-por-Marcio-L.-Castro-1024x816.jpg 1024w, https:\/\/www2.comunitaria.com.br\/wp-content\/uploads\/2024\/10\/Reconstrucao-artistica-de-Parutaetus-oliverai.-Arte-por-Marcio-L.-Castro-768x612.jpg 768w, https:\/\/www2.comunitaria.com.br\/wp-content\/uploads\/2024\/10\/Reconstrucao-artistica-de-Parutaetus-oliverai.-Arte-por-Marcio-L.-Castro-1536x1223.jpg 1536w, https:\/\/www2.comunitaria.com.br\/wp-content\/uploads\/2024\/10\/Reconstrucao-artistica-de-Parutaetus-oliverai.-Arte-por-Marcio-L.-Castro-1200x956.jpg 1200w, https:\/\/www2.comunitaria.com.br\/wp-content\/uploads\/2024\/10\/Reconstrucao-artistica-de-Parutaetus-oliverai.-Arte-por-Marcio-L.-Castro.jpg 1680w\" sizes=\"auto, (max-width: 300px) 100vw, 300px\" \/><\/a><\/p>\n"},"caption":{"rendered":""},"alt_text":"","media_type":"image","mime_type":"image\/jpeg","media_details":{"width":1680,"height":1338,"file":"2024\/10\/Reconstrucao-artistica-de-Parutaetus-oliverai.-Arte-por-Marcio-L.-Castro.jpg","filesize":358060,"sizes":{"medium":{"file":"Reconstrucao-artistica-de-Parutaetus-oliverai.-Arte-por-Marcio-L.-Castro-300x239.jpg","width":300,"height":239,"filesize":22413,"mime_type":"image\/jpeg","source_url":"https:\/\/www2.comunitaria.com.br\/wp-content\/uploads\/2024\/10\/Reconstrucao-artistica-de-Parutaetus-oliverai.-Arte-por-Marcio-L.-Castro-300x239.jpg"},"large":{"file":"Reconstrucao-artistica-de-Parutaetus-oliverai.-Arte-por-Marcio-L.-Castro-1024x816.jpg","width":1024,"height":816,"filesize":168851,"mime_type":"image\/jpeg","source_url":"https:\/\/www2.comunitaria.com.br\/wp-content\/uploads\/2024\/10\/Reconstrucao-artistica-de-Parutaetus-oliverai.-Arte-por-Marcio-L.-Castro-1024x816.jpg"},"thumbnail":{"file":"Reconstrucao-artistica-de-Parutaetus-oliverai.-Arte-por-Marcio-L.-Castro-150x150.jpg","width":150,"height":150,"filesize":8632,"mime_type":"image\/jpeg","source_url":"https:\/\/www2.comunitaria.com.br\/wp-content\/uploads\/2024\/10\/Reconstrucao-artistica-de-Parutaetus-oliverai.-Arte-por-Marcio-L.-Castro-150x150.jpg"},"medium_large":{"file":"Reconstrucao-artistica-de-Parutaetus-oliverai.-Arte-por-Marcio-L.-Castro-768x612.jpg","width":768,"height":612,"filesize":107574,"mime_type":"image\/jpeg","source_url":"https:\/\/www2.comunitaria.com.br\/wp-content\/uploads\/2024\/10\/Reconstrucao-artistica-de-Parutaetus-oliverai.-Arte-por-Marcio-L.-Castro-768x612.jpg"},"1536x1536":{"file":"Reconstrucao-artistica-de-Parutaetus-oliverai.-Arte-por-Marcio-L.-Castro-1536x1223.jpg","width":1536,"height":1223,"filesize":311913,"mime_type":"image\/jpeg","source_url":"https:\/\/www2.comunitaria.com.br\/wp-content\/uploads\/2024\/10\/Reconstrucao-artistica-de-Parutaetus-oliverai.-Arte-por-Marcio-L.-Castro-1536x1223.jpg"},"complete_open_graph":{"file":"Reconstrucao-artistica-de-Parutaetus-oliverai.-Arte-por-Marcio-L.-Castro-1200x956.jpg","width":1200,"height":956,"filesize":215901,"mime_type":"image\/jpeg","source_url":"https:\/\/www2.comunitaria.com.br\/wp-content\/uploads\/2024\/10\/Reconstrucao-artistica-de-Parutaetus-oliverai.-Arte-por-Marcio-L.-Castro-1200x956.jpg"},"wt840_420":{"file":"Reconstrucao-artistica-de-Parutaetus-oliverai.-Arte-por-Marcio-L.-Castro-840x420.jpg","width":840,"height":420,"filesize":87209,"mime_type":"image\/jpeg","source_url":"https:\/\/www2.comunitaria.com.br\/wp-content\/uploads\/2024\/10\/Reconstrucao-artistica-de-Parutaetus-oliverai.-Arte-por-Marcio-L.-Castro-840x420.jpg"},"wt550_300":{"file":"Reconstrucao-artistica-de-Parutaetus-oliverai.-Arte-por-Marcio-L.-Castro-550x300.jpg","width":550,"height":300,"filesize":45675,"mime_type":"image\/jpeg","source_url":"https:\/\/www2.comunitaria.com.br\/wp-content\/uploads\/2024\/10\/Reconstrucao-artistica-de-Parutaetus-oliverai.-Arte-por-Marcio-L.-Castro-550x300.jpg"},"wt260_145":{"file":"Reconstrucao-artistica-de-Parutaetus-oliverai.-Arte-por-Marcio-L.-Castro-260x145.jpg","width":260,"height":145,"filesize":13260,"mime_type":"image\/jpeg","source_url":"https:\/\/www2.comunitaria.com.br\/wp-content\/uploads\/2024\/10\/Reconstrucao-artistica-de-Parutaetus-oliverai.-Arte-por-Marcio-L.-Castro-260x145.jpg"},"wt450_250":{"file":"Reconstrucao-artistica-de-Parutaetus-oliverai.-Arte-por-Marcio-L.-Castro-450x250.jpg","width":450,"height":250,"filesize":33339,"mime_type":"image\/jpeg","source_url":"https:\/\/www2.comunitaria.com.br\/wp-content\/uploads\/2024\/10\/Reconstrucao-artistica-de-Parutaetus-oliverai.-Arte-por-Marcio-L.-Castro-450x250.jpg"},"wt65_65":{"file":"Reconstrucao-artistica-de-Parutaetus-oliverai.-Arte-por-Marcio-L.-Castro-65x65.jpg","width":65,"height":65,"filesize":2571,"mime_type":"image\/jpeg","source_url":"https:\/\/www2.comunitaria.com.br\/wp-content\/uploads\/2024\/10\/Reconstrucao-artistica-de-Parutaetus-oliverai.-Arte-por-Marcio-L.-Castro-65x65.jpg"},"full":{"file":"Reconstrucao-artistica-de-Parutaetus-oliverai.-Arte-por-Marcio-L.-Castro.jpg","width":1680,"height":1338,"mime_type":"image\/jpeg","source_url":"https:\/\/www2.comunitaria.com.br\/wp-content\/uploads\/2024\/10\/Reconstrucao-artistica-de-Parutaetus-oliverai.-Arte-por-Marcio-L.-Castro.jpg"}},"image_meta":{"aperture":"0","credit":"","camera":"","caption":"","created_timestamp":"0","copyright":"","focal_length":"0","iso":"0","shutter_speed":"0","title":"","orientation":"0","keywords":[]}},"post":65547,"source_url":"https:\/\/www2.comunitaria.com.br\/wp-content\/uploads\/2024\/10\/Reconstrucao-artistica-de-Parutaetus-oliverai.-Arte-por-Marcio-L.-Castro.jpg","filename":"Reconstrucao-artistica-de-Parutaetus-oliverai.-Arte-por-Marcio-L.-Castro.jpg","filesize":358060,"_links":{"self":[{"href":"https:\/\/www2.comunitaria.com.br\/en\/wp-json\/wp\/v2\/media\/65548","targetHints":{"allow":["GET"]}}],"collection":[{"href":"https:\/\/www2.comunitaria.com.br\/en\/wp-json\/wp\/v2\/media"}],"about":[{"href":"https:\/\/www2.comunitaria.com.br\/en\/wp-json\/wp\/v2\/types\/attachment"}],"author":[{"embeddable":true,"href":"https:\/\/www2.comunitaria.com.br\/en\/wp-json\/wp\/v2\/users\/2"}],"replies":[{"embeddable":true,"href":"https:\/\/www2.comunitaria.com.br\/en\/wp-json\/wp\/v2\/comments?post=65548"}],"wp:attached-to":[{"embeddable":true,"post_type":"post","id":65547,"href":"https:\/\/www2.comunitaria.com.br\/en\/wp-json\/wp\/v2\/posts\/65547"}],"curies":[{"name":"wp","href":"https:\/\/api.w.org\/{rel}","templated":true}]}}

Reconstrução artistica de Parutaetus oliverai. Arte por Márcio L. Castro.
