{"id":32757,"date":"2018-07-09T23:02:53","date_gmt":"2018-07-10T01:02:53","guid":{"rendered":"http:\/\/www2.comunitaria.com.br\/wp-content\/uploads\/2018\/07\/foto-apresenta\u00e7\u00e3o.jpg"},"modified":"2018-07-09T23:02:53","modified_gmt":"2018-07-10T01:02:53","slug":"foto-apresentacao","status":"inherit","type":"attachment","link":"https:\/\/www2.comunitaria.com.br\/en\/projeto-caravana-cultura-e-arte-no-meu-bairro-termina-no-bairro-sao-jose\/foto-apresentacao\/","title":{"rendered":"foto apresenta\u00e7\u00e3o"},"author":2,"featured_media":0,"comment_status":"open","ping_status":"closed","template":"","meta":{"ngg_post_thumbnail":0},"class_list":["post-32757","attachment","type-attachment","status-inherit","hentry"],"description":{"rendered":"<p class=\"attachment\"><a href='https:\/\/www2.comunitaria.com.br\/wp-content\/uploads\/2018\/07\/foto-apresenta\u00e7\u00e3o.jpg'><img loading=\"lazy\" decoding=\"async\" width=\"300\" height=\"153\" src=\"https:\/\/www2.comunitaria.com.br\/wp-content\/uploads\/2018\/07\/foto-apresenta\u00e7\u00e3o-300x153.jpg\" class=\"attachment-medium size-medium\" alt=\"\" srcset=\"https:\/\/www2.comunitaria.com.br\/wp-content\/uploads\/2018\/07\/foto-apresenta\u00e7\u00e3o-300x153.jpg 300w, https:\/\/www2.comunitaria.com.br\/wp-content\/uploads\/2018\/07\/foto-apresenta\u00e7\u00e3o-768x391.jpg 768w, https:\/\/www2.comunitaria.com.br\/wp-content\/uploads\/2018\/07\/foto-apresenta\u00e7\u00e3o.jpg 965w\" sizes=\"auto, (max-width: 300px) 100vw, 300px\" \/><\/a><\/p>\n"},"caption":{"rendered":""},"alt_text":"","media_type":"image","mime_type":"image\/jpeg","media_details":{"width":965,"height":491,"file":"2018\/07\/foto-apresenta\u00e7\u00e3o.jpg","sizes":{"thumbnail":{"file":"foto-apresenta\u00e7\u00e3o-150x150.jpg","width":150,"height":150,"mime_type":"image\/jpeg","source_url":"https:\/\/www2.comunitaria.com.br\/wp-content\/uploads\/2018\/07\/foto-apresenta\u00e7\u00e3o-150x150.jpg"},"medium":{"file":"foto-apresenta\u00e7\u00e3o-300x153.jpg","width":300,"height":153,"mime_type":"image\/jpeg","source_url":"https:\/\/www2.comunitaria.com.br\/wp-content\/uploads\/2018\/07\/foto-apresenta\u00e7\u00e3o-300x153.jpg"},"medium_large":{"file":"foto-apresenta\u00e7\u00e3o-768x391.jpg","width":768,"height":391,"mime_type":"image\/jpeg","source_url":"https:\/\/www2.comunitaria.com.br\/wp-content\/uploads\/2018\/07\/foto-apresenta\u00e7\u00e3o-768x391.jpg"},"wt840_420":{"file":"foto-apresenta\u00e7\u00e3o-840x420.jpg","width":840,"height":420,"mime_type":"image\/jpeg","source_url":"https:\/\/www2.comunitaria.com.br\/wp-content\/uploads\/2018\/07\/foto-apresenta\u00e7\u00e3o-840x420.jpg"},"wt550_300":{"file":"foto-apresenta\u00e7\u00e3o-550x300.jpg","width":550,"height":300,"mime_type":"image\/jpeg","source_url":"https:\/\/www2.comunitaria.com.br\/wp-content\/uploads\/2018\/07\/foto-apresenta\u00e7\u00e3o-550x300.jpg"},"wt260_145":{"file":"foto-apresenta\u00e7\u00e3o-260x145.jpg","width":260,"height":145,"mime_type":"image\/jpeg","source_url":"https:\/\/www2.comunitaria.com.br\/wp-content\/uploads\/2018\/07\/foto-apresenta\u00e7\u00e3o-260x145.jpg"},"wt450_250":{"file":"foto-apresenta\u00e7\u00e3o-450x250.jpg","width":450,"height":250,"mime_type":"image\/jpeg","source_url":"https:\/\/www2.comunitaria.com.br\/wp-content\/uploads\/2018\/07\/foto-apresenta\u00e7\u00e3o-450x250.jpg"},"wt65_65":{"file":"foto-apresenta\u00e7\u00e3o-65x65.jpg","width":65,"height":65,"mime_type":"image\/jpeg","source_url":"https:\/\/www2.comunitaria.com.br\/wp-content\/uploads\/2018\/07\/foto-apresenta\u00e7\u00e3o-65x65.jpg"},"full":{"file":"foto-apresenta\u00e7\u00e3o.jpg","width":965,"height":491,"mime_type":"image\/jpeg","source_url":"https:\/\/www2.comunitaria.com.br\/wp-content\/uploads\/2018\/07\/foto-apresenta\u00e7\u00e3o.jpg"}},"image_meta":{"aperture":"0","credit":"","camera":"","caption":"","created_timestamp":"0","copyright":"","focal_length":"0","iso":"0","shutter_speed":"0","title":"","orientation":"0","keywords":[]}},"post":32752,"source_url":"https:\/\/www2.comunitaria.com.br\/wp-content\/uploads\/2018\/07\/foto-apresenta\u00e7\u00e3o.jpg","filename":"foto-apresenta\u00e7\u00e3o.jpg","filesize":27178,"_links":{"self":[{"href":"https:\/\/www2.comunitaria.com.br\/en\/wp-json\/wp\/v2\/media\/32757","targetHints":{"allow":["GET"]}}],"collection":[{"href":"https:\/\/www2.comunitaria.com.br\/en\/wp-json\/wp\/v2\/media"}],"about":[{"href":"https:\/\/www2.comunitaria.com.br\/en\/wp-json\/wp\/v2\/types\/attachment"}],"author":[{"embeddable":true,"href":"https:\/\/www2.comunitaria.com.br\/en\/wp-json\/wp\/v2\/users\/2"}],"replies":[{"embeddable":true,"href":"https:\/\/www2.comunitaria.com.br\/en\/wp-json\/wp\/v2\/comments?post=32757"}],"wp:attached-to":[{"embeddable":true,"post_type":"post","id":32752,"href":"https:\/\/www2.comunitaria.com.br\/en\/wp-json\/wp\/v2\/posts\/32752"}],"curies":[{"name":"wp","href":"https:\/\/api.w.org\/{rel}","templated":true}]}}

http://www2.comunitaria.com.br/wp-content/uploads/2018/07/foto-apresentação.jpg

foto apresentação

<p class="attachment"><a href='https://www2.comunitaria.com.br/wp-content/uploads/2018/07/foto-apresentação.jpg'><img loading="lazy" decoding="async" width="300" height="153" src="https://www2.comunitaria.com.br/wp-content/uploads/2018/07/foto-apresentação-300x153.jpg" class="attachment-medium size-medium" alt="" srcset="https://www2.comunitaria.com.br/wp-content/uploads/2018/07/foto-apresentação-300x153.jpg 300w, https://www2.comunitaria.com.br/wp-content/uploads/2018/07/foto-apresentação-768x391.jpg 768w, https://www2.comunitaria.com.br/wp-content/uploads/2018/07/foto-apresentação.jpg 965w" sizes="auto, (max-width: 300px) 100vw, 300px" /></a></p>

2018/07/foto-apresentação.jpg

foto-apresentação-150x150.jpg

https://www2.comunitaria.com.br/wp-content/uploads/2018/07/foto-apresentação-150x150.jpg

foto-apresentação-300x153.jpg

https://www2.comunitaria.com.br/wp-content/uploads/2018/07/foto-apresentação-300x153.jpg

foto-apresentação-768x391.jpg

https://www2.comunitaria.com.br/wp-content/uploads/2018/07/foto-apresentação-768x391.jpg

foto-apresentação-840x420.jpg

https://www2.comunitaria.com.br/wp-content/uploads/2018/07/foto-apresentação-840x420.jpg

foto-apresentação-550x300.jpg

https://www2.comunitaria.com.br/wp-content/uploads/2018/07/foto-apresentação-550x300.jpg

foto-apresentação-260x145.jpg

https://www2.comunitaria.com.br/wp-content/uploads/2018/07/foto-apresentação-260x145.jpg

foto-apresentação-450x250.jpg

https://www2.comunitaria.com.br/wp-content/uploads/2018/07/foto-apresentação-450x250.jpg

foto-apresentação-65x65.jpg

https://www2.comunitaria.com.br/wp-content/uploads/2018/07/foto-apresentação-65x65.jpg

foto-apresentação.jpg

https://www2.comunitaria.com.br/wp-content/uploads/2018/07/foto-apresentação.jpg
