{"id":16608,"date":"2016-03-22T17:35:39","date_gmt":"2016-03-22T19:35:39","guid":{"rendered":"http:\/\/www2.comunitaria.com.br\/wp-content\/uploads\/2016\/03\/Torre-de-medi\u00e7\u00e3o-e\u00f3lica-em-Palmeira-das-Miss\u00f5es.jpg"},"modified":"2016-03-22T17:38:06","modified_gmt":"2016-03-22T19:38:06","slug":"torre-de-medicao-eolica-em-palmeira-das-missoes","status":"inherit","type":"attachment","link":"https:\/\/www2.comunitaria.com.br\/en\/creluz-completa-50-anos-de-inovacao-na-geracao-e-distribuicao-de-energia\/torre-de-medicao-eolica-em-palmeira-das-missoes\/","title":{"rendered":"Torre de medi\u00e7\u00e3o e\u00f3lica em Palmeira das Miss\u00f5es"},"author":2,"featured_media":0,"comment_status":"open","ping_status":"closed","template":"","meta":{"ngg_post_thumbnail":0},"class_list":["post-16608","attachment","type-attachment","status-inherit","hentry"],"description":{"rendered":"<p class=\"attachment\"><a href='https:\/\/www2.comunitaria.com.br\/wp-content\/uploads\/2016\/03\/Torre-de-medi\u00e7\u00e3o-e\u00f3lica-em-Palmeira-das-Miss\u00f5es.jpg'><img loading=\"lazy\" decoding=\"async\" width=\"200\" height=\"300\" src=\"https:\/\/www2.comunitaria.com.br\/wp-content\/uploads\/2016\/03\/Torre-de-medi\u00e7\u00e3o-e\u00f3lica-em-Palmeira-das-Miss\u00f5es-200x300.jpg\" class=\"attachment-medium size-medium\" alt=\"\" srcset=\"https:\/\/www2.comunitaria.com.br\/wp-content\/uploads\/2016\/03\/Torre-de-medi\u00e7\u00e3o-e\u00f3lica-em-Palmeira-das-Miss\u00f5es-200x300.jpg 200w, https:\/\/www2.comunitaria.com.br\/wp-content\/uploads\/2016\/03\/Torre-de-medi\u00e7\u00e3o-e\u00f3lica-em-Palmeira-das-Miss\u00f5es.jpg 640w\" sizes=\"auto, (max-width: 200px) 100vw, 200px\" \/><\/a><\/p>\n"},"caption":{"rendered":"<p>Torre de medi\u00e7\u00e3o e\u00f3lica em Palmeira das Miss\u00f5es<\/p>\n"},"alt_text":"","media_type":"image","mime_type":"image\/jpeg","media_details":{"width":640,"height":960,"file":"2016\/03\/Torre-de-medi\u00e7\u00e3o-e\u00f3lica-em-Palmeira-das-Miss\u00f5es.jpg","sizes":{"thumbnail":{"file":"Torre-de-medi\u00e7\u00e3o-e\u00f3lica-em-Palmeira-das-Miss\u00f5es-150x150.jpg","width":150,"height":150,"mime_type":"image\/jpeg","source_url":"https:\/\/www2.comunitaria.com.br\/wp-content\/uploads\/2016\/03\/Torre-de-medi\u00e7\u00e3o-e\u00f3lica-em-Palmeira-das-Miss\u00f5es-150x150.jpg"},"medium":{"file":"Torre-de-medi\u00e7\u00e3o-e\u00f3lica-em-Palmeira-das-Miss\u00f5es-200x300.jpg","width":200,"height":300,"mime_type":"image\/jpeg","source_url":"https:\/\/www2.comunitaria.com.br\/wp-content\/uploads\/2016\/03\/Torre-de-medi\u00e7\u00e3o-e\u00f3lica-em-Palmeira-das-Miss\u00f5es-200x300.jpg"},"wt840_420":{"file":"Torre-de-medi\u00e7\u00e3o-e\u00f3lica-em-Palmeira-das-Miss\u00f5es-640x420.jpg","width":640,"height":420,"mime_type":"image\/jpeg","source_url":"https:\/\/www2.comunitaria.com.br\/wp-content\/uploads\/2016\/03\/Torre-de-medi\u00e7\u00e3o-e\u00f3lica-em-Palmeira-das-Miss\u00f5es-640x420.jpg"},"wt550_300":{"file":"Torre-de-medi\u00e7\u00e3o-e\u00f3lica-em-Palmeira-das-Miss\u00f5es-550x300.jpg","width":550,"height":300,"mime_type":"image\/jpeg","source_url":"https:\/\/www2.comunitaria.com.br\/wp-content\/uploads\/2016\/03\/Torre-de-medi\u00e7\u00e3o-e\u00f3lica-em-Palmeira-das-Miss\u00f5es-550x300.jpg"},"wt260_145":{"file":"Torre-de-medi\u00e7\u00e3o-e\u00f3lica-em-Palmeira-das-Miss\u00f5es-260x145.jpg","width":260,"height":145,"mime_type":"image\/jpeg","source_url":"https:\/\/www2.comunitaria.com.br\/wp-content\/uploads\/2016\/03\/Torre-de-medi\u00e7\u00e3o-e\u00f3lica-em-Palmeira-das-Miss\u00f5es-260x145.jpg"},"wt450_250":{"file":"Torre-de-medi\u00e7\u00e3o-e\u00f3lica-em-Palmeira-das-Miss\u00f5es-450x250.jpg","width":450,"height":250,"mime_type":"image\/jpeg","source_url":"https:\/\/www2.comunitaria.com.br\/wp-content\/uploads\/2016\/03\/Torre-de-medi\u00e7\u00e3o-e\u00f3lica-em-Palmeira-das-Miss\u00f5es-450x250.jpg"},"wt65_65":{"file":"Torre-de-medi\u00e7\u00e3o-e\u00f3lica-em-Palmeira-das-Miss\u00f5es-65x65.jpg","width":65,"height":65,"mime_type":"image\/jpeg","source_url":"https:\/\/www2.comunitaria.com.br\/wp-content\/uploads\/2016\/03\/Torre-de-medi\u00e7\u00e3o-e\u00f3lica-em-Palmeira-das-Miss\u00f5es-65x65.jpg"},"full":{"file":"Torre-de-medi\u00e7\u00e3o-e\u00f3lica-em-Palmeira-das-Miss\u00f5es.jpg","width":640,"height":960,"mime_type":"image\/jpeg","source_url":"https:\/\/www2.comunitaria.com.br\/wp-content\/uploads\/2016\/03\/Torre-de-medi\u00e7\u00e3o-e\u00f3lica-em-Palmeira-das-Miss\u00f5es.jpg"}},"image_meta":{"aperture":"0","credit":"","camera":"","caption":"","created_timestamp":"0","copyright":"","focal_length":"0","iso":"0","shutter_speed":"0","title":"","orientation":"1","keywords":[]}},"post":16598,"source_url":"https:\/\/www2.comunitaria.com.br\/wp-content\/uploads\/2016\/03\/Torre-de-medi\u00e7\u00e3o-e\u00f3lica-em-Palmeira-das-Miss\u00f5es.jpg","filename":"Torre-de-medi\u00e7\u00e3o-e\u00f3lica-em-Palmeira-das-Miss\u00f5es.jpg","filesize":27911,"_links":{"self":[{"href":"https:\/\/www2.comunitaria.com.br\/en\/wp-json\/wp\/v2\/media\/16608","targetHints":{"allow":["GET"]}}],"collection":[{"href":"https:\/\/www2.comunitaria.com.br\/en\/wp-json\/wp\/v2\/media"}],"about":[{"href":"https:\/\/www2.comunitaria.com.br\/en\/wp-json\/wp\/v2\/types\/attachment"}],"author":[{"embeddable":true,"href":"https:\/\/www2.comunitaria.com.br\/en\/wp-json\/wp\/v2\/users\/2"}],"replies":[{"embeddable":true,"href":"https:\/\/www2.comunitaria.com.br\/en\/wp-json\/wp\/v2\/comments?post=16608"}],"wp:attached-to":[{"embeddable":true,"post_type":"post","id":16598,"href":"https:\/\/www2.comunitaria.com.br\/en\/wp-json\/wp\/v2\/posts\/16598"}],"curies":[{"name":"wp","href":"https:\/\/api.w.org\/{rel}","templated":true}]}}

http://www2.comunitaria.com.br/wp-content/uploads/2016/03/Torre-de-medição-eólica-em-Palmeira-das-Missões.jpg

Torre de medição eólica em Palmeira das Missões

<p class="attachment"><a href='https://www2.comunitaria.com.br/wp-content/uploads/2016/03/Torre-de-medição-eólica-em-Palmeira-das-Missões.jpg'><img loading="lazy" decoding="async" width="200" height="300" src="https://www2.comunitaria.com.br/wp-content/uploads/2016/03/Torre-de-medição-eólica-em-Palmeira-das-Missões-200x300.jpg" class="attachment-medium size-medium" alt="" srcset="https://www2.comunitaria.com.br/wp-content/uploads/2016/03/Torre-de-medição-eólica-em-Palmeira-das-Missões-200x300.jpg 200w, https://www2.comunitaria.com.br/wp-content/uploads/2016/03/Torre-de-medição-eólica-em-Palmeira-das-Missões.jpg 640w" sizes="auto, (max-width: 200px) 100vw, 200px" /></a></p>

<p>Torre de medição eólica em Palmeira das Missões</p>

2016/03/Torre-de-medição-eólica-em-Palmeira-das-Missões.jpg

Torre-de-medição-eólica-em-Palmeira-das-Missões-150x150.jpg

https://www2.comunitaria.com.br/wp-content/uploads/2016/03/Torre-de-medição-eólica-em-Palmeira-das-Missões-150x150.jpg

Torre-de-medição-eólica-em-Palmeira-das-Missões-200x300.jpg

https://www2.comunitaria.com.br/wp-content/uploads/2016/03/Torre-de-medição-eólica-em-Palmeira-das-Missões-200x300.jpg

Torre-de-medição-eólica-em-Palmeira-das-Missões-640x420.jpg

https://www2.comunitaria.com.br/wp-content/uploads/2016/03/Torre-de-medição-eólica-em-Palmeira-das-Missões-640x420.jpg

Torre-de-medição-eólica-em-Palmeira-das-Missões-550x300.jpg

https://www2.comunitaria.com.br/wp-content/uploads/2016/03/Torre-de-medição-eólica-em-Palmeira-das-Missões-550x300.jpg

Torre-de-medição-eólica-em-Palmeira-das-Missões-260x145.jpg

https://www2.comunitaria.com.br/wp-content/uploads/2016/03/Torre-de-medição-eólica-em-Palmeira-das-Missões-260x145.jpg

Torre-de-medição-eólica-em-Palmeira-das-Missões-450x250.jpg

https://www2.comunitaria.com.br/wp-content/uploads/2016/03/Torre-de-medição-eólica-em-Palmeira-das-Missões-450x250.jpg

Torre-de-medição-eólica-em-Palmeira-das-Missões-65x65.jpg

https://www2.comunitaria.com.br/wp-content/uploads/2016/03/Torre-de-medição-eólica-em-Palmeira-das-Missões-65x65.jpg

Torre-de-medição-eólica-em-Palmeira-das-Missões.jpg

https://www2.comunitaria.com.br/wp-content/uploads/2016/03/Torre-de-medição-eólica-em-Palmeira-das-Missões.jpg
