{"id":16607,"date":"2016-03-22T17:35:38","date_gmt":"2016-03-22T19:35:38","guid":{"rendered":"http:\/\/www2.comunitaria.com.br\/wp-content\/uploads\/2016\/03\/Participa\u00e7\u00e3o-do-Associado.jpg"},"modified":"2016-03-22T17:38:02","modified_gmt":"2016-03-22T19:38:02","slug":"participacao-do-associado","status":"inherit","type":"attachment","link":"https:\/\/www2.comunitaria.com.br\/en\/creluz-completa-50-anos-de-inovacao-na-geracao-e-distribuicao-de-energia\/participacao-do-associado\/","title":{"rendered":"Participa\u00e7\u00e3o do Associado"},"author":2,"featured_media":0,"comment_status":"open","ping_status":"closed","template":"","meta":{"ngg_post_thumbnail":0},"class_list":["post-16607","attachment","type-attachment","status-inherit","hentry"],"description":{"rendered":"<p class=\"attachment\"><a href='https:\/\/www2.comunitaria.com.br\/wp-content\/uploads\/2016\/03\/Participa\u00e7\u00e3o-do-Associado.jpg'><img loading=\"lazy\" decoding=\"async\" width=\"300\" height=\"200\" src=\"https:\/\/www2.comunitaria.com.br\/wp-content\/uploads\/2016\/03\/Participa\u00e7\u00e3o-do-Associado-300x200.jpg\" class=\"attachment-medium size-medium\" alt=\"\" srcset=\"https:\/\/www2.comunitaria.com.br\/wp-content\/uploads\/2016\/03\/Participa\u00e7\u00e3o-do-Associado-300x200.jpg 300w, https:\/\/www2.comunitaria.com.br\/wp-content\/uploads\/2016\/03\/Participa\u00e7\u00e3o-do-Associado-768x511.jpg 768w, https:\/\/www2.comunitaria.com.br\/wp-content\/uploads\/2016\/03\/Participa\u00e7\u00e3o-do-Associado.jpg 960w\" sizes=\"auto, (max-width: 300px) 100vw, 300px\" \/><\/a><\/p>\n"},"caption":{"rendered":"<p>Participa\u00e7\u00e3o do Associado<\/p>\n"},"alt_text":"","media_type":"image","mime_type":"image\/jpeg","media_details":{"width":960,"height":639,"file":"2016\/03\/Participa\u00e7\u00e3o-do-Associado.jpg","sizes":{"thumbnail":{"file":"Participa\u00e7\u00e3o-do-Associado-150x150.jpg","width":150,"height":150,"mime_type":"image\/jpeg","source_url":"https:\/\/www2.comunitaria.com.br\/wp-content\/uploads\/2016\/03\/Participa\u00e7\u00e3o-do-Associado-150x150.jpg"},"medium":{"file":"Participa\u00e7\u00e3o-do-Associado-300x200.jpg","width":300,"height":200,"mime_type":"image\/jpeg","source_url":"https:\/\/www2.comunitaria.com.br\/wp-content\/uploads\/2016\/03\/Participa\u00e7\u00e3o-do-Associado-300x200.jpg"},"medium_large":{"file":"Participa\u00e7\u00e3o-do-Associado-768x511.jpg","width":768,"height":511,"mime_type":"image\/jpeg","source_url":"https:\/\/www2.comunitaria.com.br\/wp-content\/uploads\/2016\/03\/Participa\u00e7\u00e3o-do-Associado-768x511.jpg"},"wt840_420":{"file":"Participa\u00e7\u00e3o-do-Associado-840x420.jpg","width":840,"height":420,"mime_type":"image\/jpeg","source_url":"https:\/\/www2.comunitaria.com.br\/wp-content\/uploads\/2016\/03\/Participa\u00e7\u00e3o-do-Associado-840x420.jpg"},"wt550_300":{"file":"Participa\u00e7\u00e3o-do-Associado-550x300.jpg","width":550,"height":300,"mime_type":"image\/jpeg","source_url":"https:\/\/www2.comunitaria.com.br\/wp-content\/uploads\/2016\/03\/Participa\u00e7\u00e3o-do-Associado-550x300.jpg"},"wt260_145":{"file":"Participa\u00e7\u00e3o-do-Associado-260x145.jpg","width":260,"height":145,"mime_type":"image\/jpeg","source_url":"https:\/\/www2.comunitaria.com.br\/wp-content\/uploads\/2016\/03\/Participa\u00e7\u00e3o-do-Associado-260x145.jpg"},"wt450_250":{"file":"Participa\u00e7\u00e3o-do-Associado-450x250.jpg","width":450,"height":250,"mime_type":"image\/jpeg","source_url":"https:\/\/www2.comunitaria.com.br\/wp-content\/uploads\/2016\/03\/Participa\u00e7\u00e3o-do-Associado-450x250.jpg"},"wt65_65":{"file":"Participa\u00e7\u00e3o-do-Associado-65x65.jpg","width":65,"height":65,"mime_type":"image\/jpeg","source_url":"https:\/\/www2.comunitaria.com.br\/wp-content\/uploads\/2016\/03\/Participa\u00e7\u00e3o-do-Associado-65x65.jpg"},"full":{"file":"Participa\u00e7\u00e3o-do-Associado.jpg","width":960,"height":639,"mime_type":"image\/jpeg","source_url":"https:\/\/www2.comunitaria.com.br\/wp-content\/uploads\/2016\/03\/Participa\u00e7\u00e3o-do-Associado.jpg"}},"image_meta":{"aperture":"0","credit":"","camera":"","caption":"","created_timestamp":"0","copyright":"","focal_length":"0","iso":"0","shutter_speed":"0","title":"","orientation":"0","keywords":[]}},"post":16598,"source_url":"https:\/\/www2.comunitaria.com.br\/wp-content\/uploads\/2016\/03\/Participa\u00e7\u00e3o-do-Associado.jpg","filename":"Participa\u00e7\u00e3o-do-Associado.jpg","filesize":15203,"_links":{"self":[{"href":"https:\/\/www2.comunitaria.com.br\/en\/wp-json\/wp\/v2\/media\/16607","targetHints":{"allow":["GET"]}}],"collection":[{"href":"https:\/\/www2.comunitaria.com.br\/en\/wp-json\/wp\/v2\/media"}],"about":[{"href":"https:\/\/www2.comunitaria.com.br\/en\/wp-json\/wp\/v2\/types\/attachment"}],"author":[{"embeddable":true,"href":"https:\/\/www2.comunitaria.com.br\/en\/wp-json\/wp\/v2\/users\/2"}],"replies":[{"embeddable":true,"href":"https:\/\/www2.comunitaria.com.br\/en\/wp-json\/wp\/v2\/comments?post=16607"}],"wp:attached-to":[{"embeddable":true,"post_type":"post","id":16598,"href":"https:\/\/www2.comunitaria.com.br\/en\/wp-json\/wp\/v2\/posts\/16598"}],"curies":[{"name":"wp","href":"https:\/\/api.w.org\/{rel}","templated":true}]}}

http://www2.comunitaria.com.br/wp-content/uploads/2016/03/Participação-do-Associado.jpg

Participação do Associado

<p class="attachment"><a href='https://www2.comunitaria.com.br/wp-content/uploads/2016/03/Participação-do-Associado.jpg'><img loading="lazy" decoding="async" width="300" height="200" src="https://www2.comunitaria.com.br/wp-content/uploads/2016/03/Participação-do-Associado-300x200.jpg" class="attachment-medium size-medium" alt="" srcset="https://www2.comunitaria.com.br/wp-content/uploads/2016/03/Participação-do-Associado-300x200.jpg 300w, https://www2.comunitaria.com.br/wp-content/uploads/2016/03/Participação-do-Associado-768x511.jpg 768w, https://www2.comunitaria.com.br/wp-content/uploads/2016/03/Participação-do-Associado.jpg 960w" sizes="auto, (max-width: 300px) 100vw, 300px" /></a></p>

<p>Participação do Associado</p>

2016/03/Participação-do-Associado.jpg

Participação-do-Associado-150x150.jpg

https://www2.comunitaria.com.br/wp-content/uploads/2016/03/Participação-do-Associado-150x150.jpg

Participação-do-Associado-300x200.jpg

https://www2.comunitaria.com.br/wp-content/uploads/2016/03/Participação-do-Associado-300x200.jpg

Participação-do-Associado-768x511.jpg

https://www2.comunitaria.com.br/wp-content/uploads/2016/03/Participação-do-Associado-768x511.jpg

Participação-do-Associado-840x420.jpg

https://www2.comunitaria.com.br/wp-content/uploads/2016/03/Participação-do-Associado-840x420.jpg

Participação-do-Associado-550x300.jpg

https://www2.comunitaria.com.br/wp-content/uploads/2016/03/Participação-do-Associado-550x300.jpg

Participação-do-Associado-260x145.jpg

https://www2.comunitaria.com.br/wp-content/uploads/2016/03/Participação-do-Associado-260x145.jpg

Participação-do-Associado-450x250.jpg

https://www2.comunitaria.com.br/wp-content/uploads/2016/03/Participação-do-Associado-450x250.jpg

Participação-do-Associado-65x65.jpg

https://www2.comunitaria.com.br/wp-content/uploads/2016/03/Participação-do-Associado-65x65.jpg

Participação-do-Associado.jpg

https://www2.comunitaria.com.br/wp-content/uploads/2016/03/Participação-do-Associado.jpg
