{"id":16452,"date":"2016-03-18T15:51:18","date_gmt":"2016-03-18T17:51:18","guid":{"rendered":"http:\/\/www2.comunitaria.com.br\/wp-content\/uploads\/2016\/03\/Programa\u00e7\u00e3o-Expo-Rodeio-Bonito-2016-02.jpg"},"modified":"2016-03-18T15:51:18","modified_gmt":"2016-03-18T17:51:18","slug":"programacao-expo-rodeio-bonito-2016-02","status":"inherit","type":"attachment","link":"https:\/\/www2.comunitaria.com.br\/en\/expo-rodeio-bonito-acontece-entre-os-dias-14-e-17-de-abril\/programacao-expo-rodeio-bonito-2016-02\/","title":{"rendered":"Programa\u00e7\u00e3o Expo Rodeio Bonito 2016 02"},"author":2,"featured_media":0,"comment_status":"open","ping_status":"closed","template":"","meta":{"ngg_post_thumbnail":0},"class_list":["post-16452","attachment","type-attachment","status-inherit","hentry"],"description":{"rendered":"<p class=\"attachment\"><a class=\"swipebox\" href='https:\/\/www2.comunitaria.com.br\/wp-content\/uploads\/2016\/03\/Programa\u00e7\u00e3o-Expo-Rodeio-Bonito-2016-02.jpg'><img loading=\"lazy\" decoding=\"async\" width=\"238\" height=\"300\" src=\"https:\/\/www2.comunitaria.com.br\/wp-content\/uploads\/2016\/03\/Programa\u00e7\u00e3o-Expo-Rodeio-Bonito-2016-02-238x300.jpg\" class=\"attachment-medium size-medium\" alt=\"\" srcset=\"https:\/\/www2.comunitaria.com.br\/wp-content\/uploads\/2016\/03\/Programa\u00e7\u00e3o-Expo-Rodeio-Bonito-2016-02-238x300.jpg 238w, https:\/\/www2.comunitaria.com.br\/wp-content\/uploads\/2016\/03\/Programa\u00e7\u00e3o-Expo-Rodeio-Bonito-2016-02-768x968.jpg 768w, https:\/\/www2.comunitaria.com.br\/wp-content\/uploads\/2016\/03\/Programa\u00e7\u00e3o-Expo-Rodeio-Bonito-2016-02-813x1024.jpg 813w, https:\/\/www2.comunitaria.com.br\/wp-content\/uploads\/2016\/03\/Programa\u00e7\u00e3o-Expo-Rodeio-Bonito-2016-02.jpg 1116w\" sizes=\"auto, (max-width: 238px) 100vw, 238px\" \/><\/a><\/p>\n"},"caption":{"rendered":"<div class=\"read-more-wrapper\"><a class=\"read-more\" href=\"https:\/\/www2.comunitaria.com.br\/en\/expo-rodeio-bonito-acontece-entre-os-dias-14-e-17-de-abril\/programacao-expo-rodeio-bonito-2016-02\/\" title=\"Read More\"> <span class=\"button \">Read More<\/span><\/a><\/div>\n"},"alt_text":"","media_type":"image","mime_type":"image\/jpeg","media_details":{"width":1116,"height":1406,"file":"2016\/03\/Programa\u00e7\u00e3o-Expo-Rodeio-Bonito-2016-02.jpg","sizes":{"thumbnail":{"file":"Programa\u00e7\u00e3o-Expo-Rodeio-Bonito-2016-02-150x150.jpg","width":150,"height":150,"mime_type":"image\/jpeg","source_url":"https:\/\/www2.comunitaria.com.br\/wp-content\/uploads\/2016\/03\/Programa\u00e7\u00e3o-Expo-Rodeio-Bonito-2016-02-150x150.jpg"},"medium":{"file":"Programa\u00e7\u00e3o-Expo-Rodeio-Bonito-2016-02-238x300.jpg","width":238,"height":300,"mime_type":"image\/jpeg","source_url":"https:\/\/www2.comunitaria.com.br\/wp-content\/uploads\/2016\/03\/Programa\u00e7\u00e3o-Expo-Rodeio-Bonito-2016-02-238x300.jpg"},"medium_large":{"file":"Programa\u00e7\u00e3o-Expo-Rodeio-Bonito-2016-02-768x968.jpg","width":768,"height":968,"mime_type":"image\/jpeg","source_url":"https:\/\/www2.comunitaria.com.br\/wp-content\/uploads\/2016\/03\/Programa\u00e7\u00e3o-Expo-Rodeio-Bonito-2016-02-768x968.jpg"},"large":{"file":"Programa\u00e7\u00e3o-Expo-Rodeio-Bonito-2016-02-813x1024.jpg","width":813,"height":1024,"mime_type":"image\/jpeg","source_url":"https:\/\/www2.comunitaria.com.br\/wp-content\/uploads\/2016\/03\/Programa\u00e7\u00e3o-Expo-Rodeio-Bonito-2016-02-813x1024.jpg"},"wt840_420":{"file":"Programa\u00e7\u00e3o-Expo-Rodeio-Bonito-2016-02-840x420.jpg","width":840,"height":420,"mime_type":"image\/jpeg","source_url":"https:\/\/www2.comunitaria.com.br\/wp-content\/uploads\/2016\/03\/Programa\u00e7\u00e3o-Expo-Rodeio-Bonito-2016-02-840x420.jpg"},"wt550_300":{"file":"Programa\u00e7\u00e3o-Expo-Rodeio-Bonito-2016-02-550x300.jpg","width":550,"height":300,"mime_type":"image\/jpeg","source_url":"https:\/\/www2.comunitaria.com.br\/wp-content\/uploads\/2016\/03\/Programa\u00e7\u00e3o-Expo-Rodeio-Bonito-2016-02-550x300.jpg"},"wt260_145":{"file":"Programa\u00e7\u00e3o-Expo-Rodeio-Bonito-2016-02-260x145.jpg","width":260,"height":145,"mime_type":"image\/jpeg","source_url":"https:\/\/www2.comunitaria.com.br\/wp-content\/uploads\/2016\/03\/Programa\u00e7\u00e3o-Expo-Rodeio-Bonito-2016-02-260x145.jpg"},"wt450_250":{"file":"Programa\u00e7\u00e3o-Expo-Rodeio-Bonito-2016-02-450x250.jpg","width":450,"height":250,"mime_type":"image\/jpeg","source_url":"https:\/\/www2.comunitaria.com.br\/wp-content\/uploads\/2016\/03\/Programa\u00e7\u00e3o-Expo-Rodeio-Bonito-2016-02-450x250.jpg"},"wt65_65":{"file":"Programa\u00e7\u00e3o-Expo-Rodeio-Bonito-2016-02-65x65.jpg","width":65,"height":65,"mime_type":"image\/jpeg","source_url":"https:\/\/www2.comunitaria.com.br\/wp-content\/uploads\/2016\/03\/Programa\u00e7\u00e3o-Expo-Rodeio-Bonito-2016-02-65x65.jpg"},"full":{"file":"Programa\u00e7\u00e3o-Expo-Rodeio-Bonito-2016-02.jpg","width":1116,"height":1406,"mime_type":"image\/jpeg","source_url":"https:\/\/www2.comunitaria.com.br\/wp-content\/uploads\/2016\/03\/Programa\u00e7\u00e3o-Expo-Rodeio-Bonito-2016-02.jpg"}},"image_meta":{"aperture":"0","credit":"Usu\u00e1rio","camera":"","caption":"","created_timestamp":"0","copyright":"","focal_length":"0","iso":"0","shutter_speed":"0","title":"","orientation":"0","keywords":[]}},"post":16450,"source_url":"https:\/\/www2.comunitaria.com.br\/wp-content\/uploads\/2016\/03\/Programa\u00e7\u00e3o-Expo-Rodeio-Bonito-2016-02.jpg","_links":{"self":[{"href":"https:\/\/www2.comunitaria.com.br\/en\/wp-json\/wp\/v2\/media\/16452","targetHints":{"allow":["GET"]}}],"collection":[{"href":"https:\/\/www2.comunitaria.com.br\/en\/wp-json\/wp\/v2\/media"}],"about":[{"href":"https:\/\/www2.comunitaria.com.br\/en\/wp-json\/wp\/v2\/types\/attachment"}],"author":[{"embeddable":true,"href":"https:\/\/www2.comunitaria.com.br\/en\/wp-json\/wp\/v2\/users\/2"}],"replies":[{"embeddable":true,"href":"https:\/\/www2.comunitaria.com.br\/en\/wp-json\/wp\/v2\/comments?post=16452"}]}}

http://www2.comunitaria.com.br/wp-content/uploads/2016/03/Programação-Expo-Rodeio-Bonito-2016-02.jpg

Programação Expo Rodeio Bonito 2016 02

<p class="attachment"><a class="swipebox" href='https://www2.comunitaria.com.br/wp-content/uploads/2016/03/Programação-Expo-Rodeio-Bonito-2016-02.jpg'><img loading="lazy" decoding="async" width="238" height="300" src="https://www2.comunitaria.com.br/wp-content/uploads/2016/03/Programação-Expo-Rodeio-Bonito-2016-02-238x300.jpg" class="attachment-medium size-medium" alt="" srcset="https://www2.comunitaria.com.br/wp-content/uploads/2016/03/Programação-Expo-Rodeio-Bonito-2016-02-238x300.jpg 238w, https://www2.comunitaria.com.br/wp-content/uploads/2016/03/Programação-Expo-Rodeio-Bonito-2016-02-768x968.jpg 768w, https://www2.comunitaria.com.br/wp-content/uploads/2016/03/Programação-Expo-Rodeio-Bonito-2016-02-813x1024.jpg 813w, https://www2.comunitaria.com.br/wp-content/uploads/2016/03/Programação-Expo-Rodeio-Bonito-2016-02.jpg 1116w" sizes="auto, (max-width: 238px) 100vw, 238px" /></a></p>

2016/03/Programação-Expo-Rodeio-Bonito-2016-02.jpg

Programação-Expo-Rodeio-Bonito-2016-02-150x150.jpg

https://www2.comunitaria.com.br/wp-content/uploads/2016/03/Programação-Expo-Rodeio-Bonito-2016-02-150x150.jpg

Programação-Expo-Rodeio-Bonito-2016-02-238x300.jpg

https://www2.comunitaria.com.br/wp-content/uploads/2016/03/Programação-Expo-Rodeio-Bonito-2016-02-238x300.jpg

Programação-Expo-Rodeio-Bonito-2016-02-768x968.jpg

https://www2.comunitaria.com.br/wp-content/uploads/2016/03/Programação-Expo-Rodeio-Bonito-2016-02-768x968.jpg

Programação-Expo-Rodeio-Bonito-2016-02-813x1024.jpg

https://www2.comunitaria.com.br/wp-content/uploads/2016/03/Programação-Expo-Rodeio-Bonito-2016-02-813x1024.jpg

Programação-Expo-Rodeio-Bonito-2016-02-840x420.jpg

https://www2.comunitaria.com.br/wp-content/uploads/2016/03/Programação-Expo-Rodeio-Bonito-2016-02-840x420.jpg

Programação-Expo-Rodeio-Bonito-2016-02-550x300.jpg

https://www2.comunitaria.com.br/wp-content/uploads/2016/03/Programação-Expo-Rodeio-Bonito-2016-02-550x300.jpg

Programação-Expo-Rodeio-Bonito-2016-02-260x145.jpg

https://www2.comunitaria.com.br/wp-content/uploads/2016/03/Programação-Expo-Rodeio-Bonito-2016-02-260x145.jpg

Programação-Expo-Rodeio-Bonito-2016-02-450x250.jpg

https://www2.comunitaria.com.br/wp-content/uploads/2016/03/Programação-Expo-Rodeio-Bonito-2016-02-450x250.jpg

Programação-Expo-Rodeio-Bonito-2016-02-65x65.jpg

https://www2.comunitaria.com.br/wp-content/uploads/2016/03/Programação-Expo-Rodeio-Bonito-2016-02-65x65.jpg

Programação-Expo-Rodeio-Bonito-2016-02.jpg

https://www2.comunitaria.com.br/wp-content/uploads/2016/03/Programação-Expo-Rodeio-Bonito-2016-02.jpg

Usuário
